base 3, what is 0 - -11011?
11011
In base 6, what is 20133435 - 10?
20133425
In base 4, what is 113230103222 + 11?
113230103233
In base 13, what is b - -1653c?
1654a
In base 4, what is -23020 - 1230?
-30310
In base 12, what is 82 - -10011?
10093
In base 6, what is 30 - -44042?
44112
In base 11, what is 9 + 374?
382
In base 2, what is 111000100000 + 111010011?
111111110011
In base 14, what is 3a + 1cd?
229
In base 12, what is 5 - -1404?
1409
In base 12, what is 1024a8 - -5?
1024b1
In base 7, what is -5 - 112416?
-112424
In base 15, what is -3d + 22d?
1e0
In base 10, what is 106286 + -1?
106285
In base 3, what is -22 - 11010221100?
-11010221122
In base 11, what is -3 - -208?
205
In base 4, what is -20200301 - -1120?
-20133121
In base 16, what is -304 - -b52?
84e
In base 15, what is -28ee + 23?
-28cb
In base 12, what is 3244 - -2?
3246
In base 4, what is 11 - -313033221?
313033232
In base 7, what is -112 + 51042?
50630
In base 9, what is 1 - 24562?
-24561
In base 13, what is 26556 + 2?
26558
In base 4, what is -11 + -2122003?
-2122020
In base 9, what is 3121 - -4?
3125
In base 8, what is 1 - -45665?
45666
In base 11, what is -2916a + 1a?
-29150
In base 4, what is -20012 + 3023?
-10323
In base 4, what is -1132300310 + -2?
-1132300312
In base 8, what is 110356 - -24?
110402
In base 15, what is 1 + 442?
443
In base 14, what is 4 + -1586b3?
-1586ad
In base 8, what is 207742 + -4?
207736
In base 13, what is -27388 - -1?
-27387
In base 5, what is -441 - 1423?
-2414
In base 12, what is -9 - -7004a?
70041
In base 16, what is -8813f + 2?
-8813d
In base 11, what is a8 + 477?
574
In base 2, what is -110101010000110 + -110?
-110101010001100
In base 5, what is -4 - -24341432?
24341423
In base 4, what is 2 + 11100031?
11100033
In base 3, what is 1220202 + 112?
1221021
In base 7, what is -2501646 - 10?
-2501656
In base 9, what is -2 + -23428?
-23431
In base 7, what is 3 + -464002?
-463666
In base 5, what is 210 + -3030320?
-3030110
In base 9, what is 138310 + -3?
138306
In base 10, what is -608 - 18?
-626
In base 11, what is -2219 - 1?
-221a
In base 14, what is 7 + -4081?
-4078
In base 11, what is 1761 + 840?
24a1
In base 5, what is -34102312 + -3?
-34102320
In base 3, what is 102101100 + -21?
102101002
In base 15, what is -1c + -1e69?
-1e86
In base 12, what is -754b - 2?
-7551
In base 8, what is 176 - -306?
504
In base 5, what is -442 - 21114?
-22111
In base 5, what is -1104 + -42224?
-43333
In base 13, what is -20 - -9b33?
9b13
In base 7, what is 26 + -204454?
-204425
In base 4, what is -122 + 2112?
1330
In base 3, what is 111 + -1201001111?
-1201001000
In base 6, what is 22130 - 11?
22115
In base 3, what is -10002012 + -10220?
-10020002
In base 7, what is 11235 - 12?
11223
In base 6, what is 2 - -3022?
3024
In base 3, what is 1222 + -121122?
-112200
In base 14, what is a443 + 2?
a445
In base 5, what is 11142301 + 0?
11142301
In base 15, what is 4a2c0 - 2?
4a2bd
In base 12, what is -5b6 + 552?
-64
In base 9, what is 28 - -768?
807
In base 7, what is -4 - -45062?
45055
In base 13, what is 2c - -328c?
32bb
In base 8, what is 4 - 10206?
-10202
In base 15, what is -3db4 - 8a?
-3e4e
In base 14, what is -9 + -c9?
-d4
In base 13, what is 2628b - -5?
26293
In base 5, what is 204 + 12402?
13111
In base 10, what is -4 - -38294?
38290
In base 12, what is -4 + -3504?
-3508
In base 6, what is -3 + -4141552?
-4141555
In base 11, what is 744 - -37?
780
In base 7, what is -52 - 1410?
-1462
In base 5, what is -120 - 341?
-1011
In base 8, what is -34 - 12570?
-12624
In base 4, what is 3222232300 + 11?
3222232311
In base 5, what is 33 - 4333?
-4300
In base 13, what is -2629 - 4bc?
-2b18
In base 4, what is 3110 - 3020?
30
In base 4, what is -3313 - -132100?
122121
In base 16, what is -11ab5e + 4?
-11ab5a
In base 8, what is 5 - -62245?
62252
In base 10, what is 2 + 42660?
42662
In base 3, what is 1221001210 + 1202?
1221010112
In base 10, what is 3 + 51?
54
In base 10, what is 136 + 10511?
10647
In base 3, what is 1212201 + -10021221?
-1102020
In base 7, what is 2564 - -26?
2623
In base 8, what is 532 + 1524?
2256
In base 13, what is 362b - -8?
3636
In base 11, what is -5076 - 8a?
-5155
In base 12, what is 7 - 5780?
-5775
In base 6, what is -103 + -3434?
-3541
In base 5, what is -230444 - 121?
-231120
In base 5, what is -10 - -243222334?
243222324
In base 12, what is 1b5 - a5?
110
In base 14, what is -57 - 19d?
-216
In base 2, what is -100111100011000011 + 10100?
-100111100010101111
In base 12, what is 67 + 2a15?
2a80
In base 4, what is 11 - -2020331?
2021002
In base 15, what is 7 - -30cd?
30d5
In base 7, what is -5 - 2216163?
-2216201
In base 15, what is 150 - -125?
275
In base 4, what is 1112 - 30031?
-22313
In base 4, what is -31 + 220321000?
220320303
In base 8, what is -3 - 632431?
-632434
In base 6, what is -11 - 340144?
-340155
In base 6, what is -230 + 1222?
552
In base 9, what is -1146404 + 2?
-1146402
In base 10, what is 989325 - 0?
989325
In base 9, what is -4 + -628811?
-628815
In base 3, what is 112202100 - 2012?
112200011
In base 15, what is -1559 + 1a?
-153e
In base 12, what is 729 + 597?
1104
In base 2, what is 1 + -101101100101110101110?
-101101100101110101101
In base 14, what is -17356 + 0?
-17356
In base 9, what is -653648 - 2?
-653651
In base 3, what is 20202100122101 - 0?
20202100122101
In base 6, what is 1104212 + 1?
1104213
In base 6, what is -21232541 - 5?
-21232550
In base 5, what is -30232044 - -2?
-30232042
In base 12, what is 1073 + 4?
1077
In base 10, what is -15 + -46069?
-46084
In base 7, what is -33320 + 40?
-33250
In base 14, what is -4c - -976?
928
In base 13, what is 23c8c4 - -3?
23c8c7
In base 15, what is 7d0c + -3?
7d09
In base 14, what is 3 - -3c13?
3c16
In base 10, what is 3253 + 32?
3285
In base 6, what is -5 + -140200?
-140205
In base 6, what is 225 + 351235?
351504
In base 3, what is 2 + 10200002?
10200011
In base 14, what is -5 - 13317?
-1331c
In base 3, what is 12000012201 - 221?
12000011210
In base 6, what is -213 + -2002?
-2215
In base 6, what is -1341 + 55?
-1242
In base 11, what is 106180 + 6?
106186
In base 2, what is 1 + 1000011101100101000111?
1000011101100101001000
In base 9, what is 4482636 - 0?
4482636
In base 14, what is -5 + acaa?
aca5
In base 2, what is -1000100010100 + 1100?
-1000100001000
In base 9, what is 63 - -2113?
2176
In base 14, what is -5db + -79?
-676
In base 15, what is -1650 - 2?
-1652
In base 2, what is -11 + -10011011010101?
-10011011011000
In base 12, what is -ab05 - -4?
-ab01
In base 5, what is 1223042 - -131?
1223223
In base 12, what is -85b7 - 1?
-85b8
In base 16, what is 1 + -4787?
-4786
In base 6, what is -152 - -12445?
12253
In base 2, what is 0 - -11100111001110111?
11100111001110111
In base 14, what is 2039 - -12?
204b
In base 8, what is 51247 + 1?
51250
In base 13, what is 0 - -399109?
399109
In base 11, what is 2979 - -20?
2999
In base 5, what is -2100222 + -141?
-2100413
In base 12, what is 13114 - -3?
13117
In base 9, what is 3 - 144?
-141
In base 4, what is 1110301121 - -1?
1110301122
In base 11, what is 20 + 412?
432
In base 8, what is 137 - 131?
6
In base 11, what is -135 + 82?
-63
In base 12, what is 1 - 101150?
-10114b
In base 11, what is -524a - -66?
-5194
In base 12, what is -5 - -a421?
a418
In base 6, what is -21 - -254540?
254515
In base 4, what is 101110 - 0?
101110
In base 12, what is 1136 - 33?
1103
In base 9, what is 16113 - 66?
16036
In base 9, what is 4 + 70801?
70805
In base 2, what is -1000 + 11111011011011?
11111011010011
In base 11, what is 1 - -122?
123
In base 5, what is 1123411420 - 4?
1123411411
In base 5, what is 3003030 - -30?
3003110
In base 3, what is -212001200102 + 2?
-212001200100
In base 9, what is -841 + 76?
-754
In base 16, what is -3a4 - -a3e?
69a
In base 11, what is -9 + 293670?
293662
In base 2, what is 101100011110011 + 0?
101100011110011
In base 7, what is -52130 - 5?
-52135
In base 6, what is 55325 - -10?
55335
In base 7, what is 25533 + 1?
25534
In base 5, what is -1032 - -203?
-324
In base 16, what is 2 - -c8d9?
c8db
In base 6, what is 15051 - -140?
15231
In base 12, what is -17 - -4928?
4911
In base 16, what is 11072 - 5?
1106d
In base 4, what is -13220002221 - 11?
-13220002232
In base 12, what is -2b290 - 1?
-2b291
In base 3, what is 20221 + -10111?
